[INFO] cloning repository https://github.com/unintended/hackerrank-rust
[INFO] running `Command { std: "git" "-c" "credential.helper=" "-c" "credential.helper=/workspace/cargo-home/bin/git-credential-null" "clone" "--bare" "https://github.com/unintended/hackerrank-rust" "/workspace/cache/git-repos/https%3A%2F%2Fgithub.com%2Funintended%2Fhackerrank-rust", kill_on_drop: false }`
[INFO] [stderr] Cloning into bare repository '/workspace/cache/git-repos/https%3A%2F%2Fgithub.com%2Funintended%2Fhackerrank-rust'...
[INFO] running `Command { std: "git" "rev-parse" "HEAD", kill_on_drop: false }`
[INFO] [stdout] 43b491dd630c4a386ec10108522f47be9198e6cf
[INFO] building unintended/hackerrank-rust against master#881c1ac408d93bb7adaa3a51dabab9266e82eee8 for issue-85264
[INFO] running `Command { std: "git" "clone" "/workspace/cache/git-repos/https%3A%2F%2Fgithub.com%2Funintended%2Fhackerrank-rust" "/workspace/builds/worker-1/source", kill_on_drop: false }`
[INFO] [stderr] Cloning into '/workspace/builds/worker-1/source'...
[INFO] [stderr] done.
[INFO] validating manifest of git repo https://github.com/unintended/hackerrank-rust on toolchain 881c1ac408d93bb7adaa3a51dabab9266e82eee8
[INFO] running `Command { std: "/workspace/cargo-home/bin/cargo" "+881c1ac408d93bb7adaa3a51dabab9266e82eee8" "metadata" "--manifest-path" "Cargo.toml" "--no-deps", kill_on_drop: false }`
[INFO] started tweaking git repo https://github.com/unintended/hackerrank-rust
[INFO] finished tweaking git repo https://github.com/unintended/hackerrank-rust
[INFO] tweaked toml for git repo https://github.com/unintended/hackerrank-rust written to /workspace/builds/worker-1/source/Cargo.toml
[INFO] crate git repo https://github.com/unintended/hackerrank-rust already has a lockfile, it will not be regenerated
[INFO] running `Command { std: "/workspace/cargo-home/bin/cargo" "+881c1ac408d93bb7adaa3a51dabab9266e82eee8" "fetch" "--manifest-path" "Cargo.toml", kill_on_drop: false }`
[INFO] [stderr]     Blocking waiting for file lock on package cache
[INFO] [stderr]  Downloading crates ...
[INFO] [stderr]   Downloaded itertools v0.0.19
[INFO] running `Command { std: "docker" "create" "-v" "/var/lib/crater-agent-workspace/builds/worker-1/target:/opt/rustwide/target:rw,Z" "-v" "/var/lib/crater-agent-workspace/builds/worker-1/source:/opt/rustwide/workdir:ro,Z" "-v" "/var/lib/crater-agent-workspace/cargo-home:/opt/rustwide/cargo-home:ro,Z" "-v" "/var/lib/crater-agent-workspace/rustup-home:/opt/rustwide/rustup-home:ro,Z" "-e" "SOURCE_DIR=/opt/rustwide/workdir" "-e" "CARGO_TARGET_DIR=/opt/rustwide/target" "-e" "CARGO_HOME=/opt/rustwide/cargo-home" "-e" "RUSTUP_HOME=/opt/rustwide/rustup-home" "-w" "/opt/rustwide/workdir" "-m" "1610612736" "--user" "0:0" "--network" "none" "ghcr.io/rust-lang/crates-build-env/linux@sha256:20528e8c29e4536546f0102ce88568b16ea7538393a33fcca951030f7af10457" "/opt/rustwide/cargo-home/bin/cargo" "+881c1ac408d93bb7adaa3a51dabab9266e82eee8" "metadata" "--no-deps" "--format-version=1", kill_on_drop: false }`
[INFO] [stdout] d1fbe01ac8f57e584a50ef3ab4fbf02b1fd6d0ba90aa5295acaafff8e04c360f
[INFO] [stderr] WARNING: Your kernel does not support swap limit capabilities or the cgroup is not mounted. Memory limited without swap.
[INFO] running `Command { std: "docker" "start" "-a" "d1fbe01ac8f57e584a50ef3ab4fbf02b1fd6d0ba90aa5295acaafff8e04c360f", kill_on_drop: false }`
[INFO] running `Command { std: "docker" "inspect" "d1fbe01ac8f57e584a50ef3ab4fbf02b1fd6d0ba90aa5295acaafff8e04c360f", kill_on_drop: false }`
[INFO] running `Command { std: "docker" "rm" "-f" "d1fbe01ac8f57e584a50ef3ab4fbf02b1fd6d0ba90aa5295acaafff8e04c360f", kill_on_drop: false }`
[INFO] [stdout] d1fbe01ac8f57e584a50ef3ab4fbf02b1fd6d0ba90aa5295acaafff8e04c360f
[INFO] running `Command { std: "docker" "create" "-v" "/var/lib/crater-agent-workspace/builds/worker-1/target:/opt/rustwide/target:rw,Z" "-v" "/var/lib/crater-agent-workspace/builds/worker-1/source:/opt/rustwide/workdir:ro,Z" "-v" "/var/lib/crater-agent-workspace/cargo-home:/opt/rustwide/cargo-home:ro,Z" "-v" "/var/lib/crater-agent-workspace/rustup-home:/opt/rustwide/rustup-home:ro,Z" "-e" "SOURCE_DIR=/opt/rustwide/workdir" "-e" "CARGO_TARGET_DIR=/opt/rustwide/target" "-e" "CARGO_INCREMENTAL=0" "-e" "RUST_BACKTRACE=full" "-e" "RUSTFLAGS=--cap-lints=forbid" "-e" "CARGO_HOME=/opt/rustwide/cargo-home" "-e" "RUSTUP_HOME=/opt/rustwide/rustup-home" "-w" "/opt/rustwide/workdir" "-m" "1610612736" "--user" "0:0" "--network" "none" "ghcr.io/rust-lang/crates-build-env/linux@sha256:20528e8c29e4536546f0102ce88568b16ea7538393a33fcca951030f7af10457" "/opt/rustwide/cargo-home/bin/cargo" "+881c1ac408d93bb7adaa3a51dabab9266e82eee8" "build" "--frozen" "--message-format=json", kill_on_drop: false }`
[INFO] [stderr] WARNING: Your kernel does not support swap limit capabilities or the cgroup is not mounted. Memory limited without swap.
[INFO] [stdout] 2fcbddc402751ee2176314e6e5966da6ab70aacb2e072b22dc7a972da273d8b7
[INFO] running `Command { std: "docker" "start" "-a" "2fcbddc402751ee2176314e6e5966da6ab70aacb2e072b22dc7a972da273d8b7", kill_on_drop: false }`
[INFO] [stderr]    Compiling itertools v0.0.19
[INFO] [stdout] error: can't qualify macro_rules invocation with `pub`
[INFO] [stdout]   --> /opt/rustwide/cargo-home/registry/src/github.com-1ecc6299db9ec823/itertools-0.0.19/src/lib.rs:89:1
[INFO] [stdout]    |
[INFO] [stdout] 89 | pub macro_rules! iproduct {
[INFO] [stdout]    | ^^^ help: try exporting the macro: `#[macro_export]`
[INFO] [stdout] 
[INFO] [stdout] 
[INFO] [stdout] error: can't qualify macro_rules invocation with `pub`
[INFO] [stdout]    --> /opt/rustwide/cargo-home/registry/src/github.com-1ecc6299db9ec823/itertools-0.0.19/src/lib.rs:133:1
[INFO] [stdout]     |
[INFO] [stdout] 133 | pub macro_rules! izip {
[INFO] [stdout]     | ^^^ help: try exporting the macro: `#[macro_export]`
[INFO] [stdout] 
[INFO] [stdout] 
[INFO] [stdout] error: can't qualify macro_rules invocation with `pub`
[INFO] [stdout]    --> /opt/rustwide/cargo-home/registry/src/github.com-1ecc6299db9ec823/itertools-0.0.19/src/lib.rs:171:1
[INFO] [stdout]     |
[INFO] [stdout] 171 | pub macro_rules! icompr {
[INFO] [stdout]     | ^^^ help: try exporting the macro: `#[macro_export]`
[INFO] [stdout] 
[INFO] [stdout] 
[INFO] [stdout] error: invalid suffix `us` for number literal
[INFO] [stdout]    --> /opt/rustwide/cargo-home/registry/src/github.com-1ecc6299db9ec823/itertools-0.0.19/src/lib.rs:435:25
[INFO] [stdout]     |
[INFO] [stdout] 435 |         let mut index = 0us;
[INFO] [stdout]     |                         ^^^ invalid suffix `us`
[INFO] [stdout]     |
[INFO] [stdout]     = help: the suffix must be one of the numeric types (`u32`, `isize`, `f32`, etc.)
[INFO] [stdout] 
[INFO] [stdout] 
[INFO] [stdout] error: expected parameter name, found `:`
[INFO] [stdout]    --> /opt/rustwide/cargo-home/registry/src/github.com-1ecc6299db9ec823/itertools-0.0.19/src/adaptors.rs:411:21
[INFO] [stdout]     |
[INFO] [stdout] 411 |         let div = |&: x: usize| {
[INFO] [stdout]     |                     ^ expected parameter name
[INFO] [stdout] 
[INFO] [stdout] 
[INFO] [stdout] error: malformed `unstable` attribute input
[INFO] [stdout]    --> /opt/rustwide/cargo-home/registry/src/github.com-1ecc6299db9ec823/itertools-0.0.19/src/zip.rs:100:1
[INFO] [stdout]     |
[INFO] [stdout] 100 | #[unstable = "trait is unstable"]
[INFO] [stdout]     | ^^^^^^^^^^^^^^^^^^^^^^^^^^^^^^^^^ help: must be of the form: `#[unstable(feature = "name", reason = "...", issue = "N")]`
[INFO] [stdout] 
[INFO] [stdout] 
[INFO] [stdout] error[E0432]: unresolved import `std::num::Int`
[INFO] [stdout]  --> /opt/rustwide/cargo-home/registry/src/github.com-1ecc6299db9ec823/itertools-0.0.19/src/adaptors.rs:8:5
[INFO] [stdout]   |
[INFO] [stdout] 8 | use std::num::Int;
[INFO] [stdout]   |     ^^^^^^^^^^^^^ no `Int` in `num`
[INFO] [stdout] 
[INFO] [stdout] 
[INFO] [stdout] error[E0432]: unresolved import `std::num::Int`
[INFO] [stdout]  --> /opt/rustwide/cargo-home/registry/src/github.com-1ecc6299db9ec823/itertools-0.0.19/src/intersperse.rs:1:5
[INFO] [stdout]   |
[INFO] [stdout] 1 | use std::num::Int;
[INFO] [stdout]   |     ^^^^^^^^^^^^^ no `Int` in `num`
[INFO] [stdout] 
[INFO] [stdout] 
[INFO] [stdout] error[E0432]: unresolved imports `std::num::Float`, `std::num::NumCast`
[INFO] [stdout]  --> /opt/rustwide/cargo-home/registry/src/github.com-1ecc6299db9ec823/itertools-0.0.19/src/linspace.rs:3:16
[INFO] [stdout]   |
[INFO] [stdout] 3 | use std::num::{Float, NumCast};
[INFO] [stdout]   |                ^^^^^  ^^^^^^^ no `NumCast` in `num`
[INFO] [stdout]   |                |
[INFO] [stdout]   |                no `Float` in `num`
[INFO] [stdout] 
[INFO] [stdout] 
[INFO] [stdout] error[E0432]: unresolved import `std::ops::FullRange`
[INFO] [stdout]  --> /opt/rustwide/cargo-home/registry/src/github.com-1ecc6299db9ec823/itertools-0.0.19/src/misc.rs:5:5
[INFO] [stdout]   |
[INFO] [stdout] 5 |     FullRange,
[INFO] [stdout]   |     ^^^^^^^^^ no `FullRange` in `ops`
[INFO] [stdout] 
[INFO] [stdout] 
[INFO] [stdout] error[E0432]: unresolved import `std::collections::RingBuf`
[INFO] [stdout]  --> /opt/rustwide/cargo-home/registry/src/github.com-1ecc6299db9ec823/itertools-0.0.19/src/tee.rs:2:5
[INFO] [stdout]   |
[INFO] [stdout] 2 | use std::collections::RingBuf;
[INFO] [stdout]   |     ^^^^^^^^^^^^^^^^^^^^^^^^^ no `RingBuf` in `collections`
[INFO] [stdout] 
[INFO] [stdout] 
[INFO] [stdout] error[E0432]: unresolved import `std::num::Int`
[INFO] [stdout]  --> /opt/rustwide/cargo-home/registry/src/github.com-1ecc6299db9ec823/itertools-0.0.19/src/tee.rs:4:5
[INFO] [stdout]   |
[INFO] [stdout] 4 | use std::num::Int;
[INFO] [stdout]   |     ^^^^^^^^^^^^^ no `Int` in `num`
[INFO] [stdout] 
[INFO] [stdout] 
[INFO] [stdout] error[E0432]: unresolved import `std::iter::RandomAccessIterator`
[INFO] [stdout]  --> /opt/rustwide/cargo-home/registry/src/github.com-1ecc6299db9ec823/itertools-0.0.19/src/zip.rs:2:5
[INFO] [stdout]   |
[INFO] [stdout] 2 | use std::iter::RandomAccessIterator;
[INFO] [stdout]   |     ^^^^^^^^^^^^^^^^^^^^^^^^^^^^^^^ no `RandomAccessIterator` in `iter`
[INFO] [stdout] 
[INFO] [stdout] 
[INFO] [stdout] error: cannot find attribute `old_impl_check` in this scope
[INFO] [stdout]    --> /opt/rustwide/cargo-home/registry/src/github.com-1ecc6299db9ec823/itertools-0.0.19/src/adaptors.rs:291:3
[INFO] [stdout]     |
[INFO] [stdout] 291 | #[old_impl_check]
[INFO] [stdout]     |   ^^^^^^^^^^^^^^
[INFO] [stdout] 
[INFO] [stdout] 
[INFO] [stdout] error: cannot find derive macro `Show` in this scope
[INFO] [stdout]    --> /opt/rustwide/cargo-home/registry/src/github.com-1ecc6299db9ec823/itertools-0.0.19/src/zip.rs:108:32
[INFO] [stdout]     |
[INFO] [stdout] 108 | #[derive(Clone, PartialEq, Eq, Show)]
[INFO] [stdout]     |                                ^^^^
[INFO] [stdout] 
[INFO] [stdout] 
[INFO] [stdout] error[E0437]: type `Output` is not a member of trait `IndexMut`
[INFO] [stdout]    --> /opt/rustwide/cargo-home/registry/src/github.com-1ecc6299db9ec823/itertools-0.0.19/src/stride.rs:259:5
[INFO] [stdout]     |
[INFO] [stdout] 259 |     type Output = A;
[INFO] [stdout]     |     ^^^^^^^^^^^^^^^^ not a member of trait `IndexMut`
[INFO] [stdout] 
[INFO] [stdout] 
[INFO] [stdout] error[E0412]: cannot find type `Counter` in module `iter`
[INFO] [stdout]  --> /opt/rustwide/cargo-home/registry/src/github.com-1ecc6299db9ec823/itertools-0.0.19/src/linspace.rs:8:41
[INFO] [stdout]   |
[INFO] [stdout] 8 | pub type Linspace<F> = iter::Take<iter::Counter<F>>;
[INFO] [stdout]   |                                         ^^^^^^^ not found in `iter`
[INFO] [stdout] 
[INFO] [stdout] 
[INFO] [stdout] error[E0425]: cannot find function `count` in module `iter`
[INFO] [stdout]   --> /opt/rustwide/cargo-home/registry/src/github.com-1ecc6299db9ec823/itertools-0.0.19/src/linspace.rs:27:15
[INFO] [stdout]    |
[INFO] [stdout] 27 |         iter::count(a, step).take(n)
[INFO] [stdout]    |               ^^^^^ not found in `iter`
[INFO] [stdout] 
[INFO] [stdout] 
[INFO] [stdout] error[E0425]: cannot find function `count` in module `iter`
[INFO] [stdout]   --> /opt/rustwide/cargo-home/registry/src/github.com-1ecc6299db9ec823/itertools-0.0.19/src/linspace.rs:29:15
[INFO] [stdout]    |
[INFO] [stdout] 29 |         iter::count(a, Float::one()).take(n)
[INFO] [stdout]    |               ^^^^^ not found in `iter`
[INFO] [stdout] 
[INFO] [stdout] 
[INFO] [stdout] error[E0412]: cannot find type `ContravariantLifetime` in module `marker`
[INFO] [stdout]   --> /opt/rustwide/cargo-home/registry/src/github.com-1ecc6299db9ec823/itertools-0.0.19/src/stride.rs:26:19
[INFO] [stdout]    |
[INFO] [stdout] 26 |     life: marker::ContravariantLifetime<'a>,
[INFO] [stdout]    |                   ^^^^^^^^^^^^^^^^^^^^^ not found in `marker`
[INFO] [stdout] 
[INFO] [stdout] 
[INFO] [stdout] error[E0412]: cannot find type `ContravariantLifetime` in module `marker`
[INFO] [stdout]   --> /opt/rustwide/cargo-home/registry/src/github.com-1ecc6299db9ec823/itertools-0.0.19/src/stride.rs:39:19
[INFO] [stdout]    |
[INFO] [stdout] 39 |     life: marker::ContravariantLifetime<'a>,
[INFO] [stdout]    |                   ^^^^^^^^^^^^^^^^^^^^^ not found in `marker`
[INFO] [stdout] 
[INFO] [stdout] 
[INFO] [stdout] error[E0412]: cannot find type `NoCopy` in module `marker`
[INFO] [stdout]    --> /opt/rustwide/cargo-home/registry/src/github.com-1ecc6299db9ec823/itertools-0.0.19/src/stride.rs:40:21
[INFO] [stdout]     |
[INFO] [stdout] 40  |       nocopy: marker::NoCopy
[INFO] [stdout]     |                       ^^^^^^ help: a trait with a similar name exists: `Copy`
[INFO] [stdout] 
[INFO] [stdout] 
[INFO] [stdout] error[E0425]: cannot find value `ContravariantLifetime` in module `marker`
[INFO] [stdout]   --> /opt/rustwide/cargo-home/registry/src/github.com-1ecc6299db9ec823/itertools-0.0.19/src/stride.rs:53:27
[INFO] [stdout]    |
[INFO] [stdout] 53 |             life: marker::ContravariantLifetime,
[INFO] [stdout]    |                           ^^^^^^^^^^^^^^^^^^^^^ not found in `marker`
[INFO] [stdout] 
[INFO] [stdout] 
[INFO] [stdout] error[E0425]: cannot find value `ContravariantLifetime` in module `marker`
[INFO] [stdout]   --> /opt/rustwide/cargo-home/registry/src/github.com-1ecc6299db9ec823/itertools-0.0.19/src/stride.rs:68:27
[INFO] [stdout]    |
[INFO] [stdout] 68 |             life: marker::ContravariantLifetime,
[INFO] [stdout]    |                           ^^^^^^^^^^^^^^^^^^^^^ not found in `marker`
[INFO] [stdout] 
[INFO] [stdout] 
[INFO] [stdout] error[E0425]: cannot find value `NoCopy` in module `marker`
[INFO] [stdout]   --> /opt/rustwide/cargo-home/registry/src/github.com-1ecc6299db9ec823/itertools-0.0.19/src/stride.rs:69:29
[INFO] [stdout]    |
[INFO] [stdout] 69 |             nocopy: marker::NoCopy,
[INFO] [stdout]    |                             ^^^^^^ not found in `marker`
[INFO] [stdout] 
[INFO] [stdout] 
[INFO] [stdout] error[E0405]: cannot find trait `Show` in module `fmt`
[INFO] [stdout]    --> /opt/rustwide/cargo-home/registry/src/github.com-1ecc6299db9ec823/itertools-0.0.19/src/stride.rs:229:37
[INFO] [stdout]     |
[INFO] [stdout] 229 |         impl<'a, A: fmt::Show> fmt::Show for $name<'a, A>
[INFO] [stdout]     |                                     ^^^^ not found in `fmt`
[INFO] [stdout] ...
[INFO] [stdout] 246 | stride_impl!{struct Stride -> &'a [A], as_ptr, *const A, &'a A}
[INFO] [stdout]     | --------------------------------------------------------------- in this macro invocation
[INFO] [stdout]     |
[INFO] [stdout]     = note: this error originates in a macro (in Nightly builds, run with -Z macro-backtrace for more info)
[INFO] [stdout] 
[INFO] [stdout] 
[INFO] [stdout] error[E0405]: cannot find trait `Show` in module `fmt`
[INFO] [stdout]    --> /opt/rustwide/cargo-home/registry/src/github.com-1ecc6299db9ec823/itertools-0.0.19/src/stride.rs:229:26
[INFO] [stdout]     |
[INFO] [stdout] 229 |         impl<'a, A: fmt::Show> fmt::Show for $name<'a, A>
[INFO] [stdout]     |                          ^^^^ not found in `fmt`
[INFO] [stdout] ...
[INFO] [stdout] 246 | stride_impl!{struct Stride -> &'a [A], as_ptr, *const A, &'a A}
[INFO] [stdout]     | --------------------------------------------------------------- in this macro invocation
[INFO] [stdout]     |
[INFO] [stdout]     = note: this error originates in a macro (in Nightly builds, run with -Z macro-backtrace for more info)
[INFO] [stdout] 
[INFO] [stdout] 
[INFO] [stdout] error[E0425]: cannot find function `range` in this scope
[INFO] [stdout]    --> /opt/rustwide/cargo-home/registry/src/github.com-1ecc6299db9ec823/itertools-0.0.19/src/stride.rs:234:26
[INFO] [stdout]     |
[INFO] [stdout] 234 |                 for i in range(0, self.len()) {
[INFO] [stdout]     |                          ^^^^^ not found in this scope
[INFO] [stdout] ...
[INFO] [stdout] 246 | stride_impl!{struct Stride -> &'a [A], as_ptr, *const A, &'a A}
[INFO] [stdout]     | --------------------------------------------------------------- in this macro invocation
[INFO] [stdout]     |
[INFO] [stdout]     = note: this error originates in a macro (in Nightly builds, run with -Z macro-backtrace for more info)
[INFO] [stdout] help: consider importing this function
[INFO] [stdout]     |
[INFO] [stdout] 7   | use std::slice::range;
[INFO] [stdout]     |
[INFO] [stdout] 
[INFO] [stdout] 
[INFO] [stdout] error[E0405]: cannot find trait `Show` in module `fmt`
[INFO] [stdout]    --> /opt/rustwide/cargo-home/registry/src/github.com-1ecc6299db9ec823/itertools-0.0.19/src/stride.rs:229:37
[INFO] [stdout]     |
[INFO] [stdout] 229 |         impl<'a, A: fmt::Show> fmt::Show for $name<'a, A>
[INFO] [stdout]     |                                     ^^^^ not found in `fmt`
[INFO] [stdout] ...
[INFO] [stdout] 247 | stride_impl!{struct StrideMut -> &'a mut [A], as_mut_ptr, *mut A, &'a mut A}
[INFO] [stdout]     | ---------------------------------------------------------------------------- in this macro invocation
[INFO] [stdout]     |
[INFO] [stdout]     = note: this error originates in a macro (in Nightly builds, run with -Z macro-backtrace for more info)
[INFO] [stdout] 
[INFO] [stdout] 
[INFO] [stdout] error[E0405]: cannot find trait `Show` in module `fmt`
[INFO] [stdout]    --> /opt/rustwide/cargo-home/registry/src/github.com-1ecc6299db9ec823/itertools-0.0.19/src/stride.rs:229:26
[INFO] [stdout]     |
[INFO] [stdout] 229 |         impl<'a, A: fmt::Show> fmt::Show for $name<'a, A>
[INFO] [stdout]     |                          ^^^^ not found in `fmt`
[INFO] [stdout] ...
[INFO] [stdout] 247 | stride_impl!{struct StrideMut -> &'a mut [A], as_mut_ptr, *mut A, &'a mut A}
[INFO] [stdout]     | ---------------------------------------------------------------------------- in this macro invocation
[INFO] [stdout]     |
[INFO] [stdout]     = note: this error originates in a macro (in Nightly builds, run with -Z macro-backtrace for more info)
[INFO] [stdout] 
[INFO] [stdout] 
[INFO] [stdout] error[E0425]: cannot find function `range` in this scope
[INFO] [stdout]    --> /opt/rustwide/cargo-home/registry/src/github.com-1ecc6299db9ec823/itertools-0.0.19/src/stride.rs:234:26
[INFO] [stdout]     |
[INFO] [stdout] 234 |                 for i in range(0, self.len()) {
[INFO] [stdout]     |                          ^^^^^ not found in this scope
[INFO] [stdout] ...
[INFO] [stdout] 247 | stride_impl!{struct StrideMut -> &'a mut [A], as_mut_ptr, *mut A, &'a mut A}
[INFO] [stdout]     | ---------------------------------------------------------------------------- in this macro invocation
[INFO] [stdout]     |
[INFO] [stdout]     = note: this error originates in a macro (in Nightly builds, run with -Z macro-backtrace for more info)
[INFO] [stdout] help: consider importing this function
[INFO] [stdout]     |
[INFO] [stdout] 7   | use std::slice::range;
[INFO] [stdout]     |
[INFO] [stdout] 
[INFO] [stdout] 
[INFO] [stdout] error[E0734]: stability attributes may not be used outside of the standard library
[INFO] [stdout]    --> /opt/rustwide/cargo-home/registry/src/github.com-1ecc6299db9ec823/itertools-0.0.19/src/zip.rs:100:1
[INFO] [stdout]     |
[INFO] [stdout] 100 | #[unstable = "trait is unstable"]
[INFO] [stdout]     | ^^^^^^^^^^^^^^^^^^^^^^^^^^^^^^^^^
[INFO] [stdout] 
[INFO] [stdout] 
[INFO] [stdout] error: aborting due to 32 previous errors
[INFO] [stdout] 
[INFO] [stdout] 
[INFO] [stdout] Some errors have detailed explanations: E0405, E0412, E0425, E0432, E0437, E0734.
[INFO] [stdout] 
[INFO] [stdout] For more information about an error, try `rustc --explain E0405`.
[INFO] [stdout] 
[INFO] [stderr] error: could not compile `itertools`
[INFO] [stderr] 
[INFO] [stderr] To learn more, run the command again with --verbose.
[INFO] running `Command { std: "docker" "inspect" "2fcbddc402751ee2176314e6e5966da6ab70aacb2e072b22dc7a972da273d8b7", kill_on_drop: false }`
[INFO] running `Command { std: "docker" "rm" "-f" "2fcbddc402751ee2176314e6e5966da6ab70aacb2e072b22dc7a972da273d8b7", kill_on_drop: false }`
[INFO] [stdout] 2fcbddc402751ee2176314e6e5966da6ab70aacb2e072b22dc7a972da273d8b7
